k - 14 = -4*m. What are the prime factors of m?
2, 3
Suppose 2*t + 69 = -59. What are the prime factors of (144/t)/(3/(-104))?
2, 3, 13
Let d(v) = 27*v**2 + 27*v**2 - 53*v**2 - 29 - 6*v. What are the prime factors of d(16)?
131
Suppose 9*l - 40 - 5 = 0. Suppose l*q + 56 = 591. What are the prime factors of q?
107
Let f = 70 - 51. What are the prime factors of (-3)/(6/(-8)) - (-30 + f)?
3, 5
Let u = -912 + 1394. What are the prime factors of u?
2, 241
Suppose 26*m - 9*m - 85986 = 0. What are the prime factors of m?
2, 3, 281
Suppose -5*v = 4*g - 0*g - 4055, 0 = 5*v + 5. What are the prime factors of 1/2 + g/14?
73
Suppose -y = 5*l - 5990, -2*l + 6192 = 2*y - 5788. What are the prime factors of y?
2, 5, 599
Suppose 0 = -5*f + 2*y + 2, -3*f - y + 4 = -5*y. Suppose f*u + 86 = u. List the prime factors of u.
2, 43
Let g(z) = -3*z - 15. Let m be g(7). Let s = m + 23. Let h = 21 - s. What are the prime factors of h?
2, 17
What are the prime factors of (2 + (-1845)/(-6))/((-36)/(-288))?
2, 619
Let z = 52 + -30. Let n = 46 - z. Suppose n*i + 28 = 25*i. What are the prime factors of i?
2, 7
Let b = 1558 + -1155. List the prime factors of b.
13, 31
Suppose 0 = -6*q + q. Suppose -117 = -q*y - 3*y. List the prime factors of y.
3, 13
Let h be (3 - 279)*15/(-10). Suppose h - 1170 = -6*o. What are the prime factors of o?
2, 3, 7
Suppose 0 = -2*d - s + 13, 14 = 4*s - 6. Let j = 6 - d. Suppose -q - 30 = -j*c, -3*c + 0*q = -4*q - 45. List the prime factors of c.
3, 5
Suppose 2*d = -5*q - 3*d - 85, 51 = -3*q + d. Let c = q - -22. List the prime factors of -25*((-27)/c)/3.
3, 5
Let x(p) = 5*p + 5. Let o(s) = s**2 - 5*s - 3. Let a be o(7). List the prime factors of x(a).
2, 3, 5
Let k be -3 + (-6 - 0) + (-1 - -2). What are the prime factors of k/3*(-1677)/52?
2, 43
Suppose -3*g - 812 - 82 = 0. What are the prime factors of 2 - (-2)/(-4)*g?
151
Suppose 12*c = 14*c. Suppose c = 7*q + 2*q - 1017. What are the prime factors of q?
113
Suppose 0 = 5*z - 39 - 1. Suppose 0 = -58*u + 62*u - z. What are the prime factors of u?
2
Let h(w) = w**2 - 5*w + 58. Suppose -z - 2*z - 51 = -3*d, -4*d + 68 = 4*z. List the prime factors of h(d).
2, 131
Suppose -2*y = 5*h - 34, 30 = 4*h + 2*y + y. Suppose -1024 = -h*q + 2*q. What are the prime factors of q?
2
Let t = 3813 + -2148. List the prime factors of t.
3, 5, 37
Let h(l) = -l**3 + 7*l**2 + 2*l + 2. Suppose -n - 36 = -7*n. What are the prime factors of h(n)?
2, 5
Let p be (-3)/((-6)/4) - 0. Suppose 0 = p*g + g. Suppose -h - n + 35 = g, 87 = -5*h - 2*n + 277. What are the prime factors of h?
2, 5
Suppose 0 = 62*a - 64*a + 700. Suppose 2*i - 2*u = a, 3*u + 114 + 59 = i. List the prime factors of i.
2, 11
Suppose 0 = b - 51 - 26. What are the prime factors of b?
7, 11
Let p = -601 - -1270. List the prime factors of p.
3, 223
Let z = 10 - 13. Let i be 1424/24 - 2/z. Let x = i + -41. List the prime factors of x.
19
Suppose -9*c + 5170 = -41072. List the prime factors of c.
2, 7, 367
Let g be 72 - (0 + -2 + 1). Let h(v) = 54*v + 11. Let c be h(-1). Let w = c + g. List the prime factors of w.
2, 3, 5
Suppose -4*m + 221 = -95. Let b = -147 + m. Let y = b - -100. List the prime factors of y.
2
Suppose -3 = -5*h - m - 2*m, 2*h + 2*m = 2. Let g be h/(-18) + 24*1. Let s = 52 - g. What are the prime factors of s?
2, 7
List the prime factors of (-17 - (-45 - 5))*(-1024)/(-6).
2, 11
Let u(b) = 5*b**2 + 7*b - 5. Let t be u(4). Let v = 227 - t. List the prime factors of v.
2, 31
Let q = 38 + -42. What are the prime factors of q/(-3) + (-1392)/(-36)?
2, 5
List the prime factors of (1226 - 4)*(-1 + 5)/2.
2, 13, 47
Let t = -95 + -103. Let j = t + 357. What are the prime factors of j?
3, 53
Let b(d) = -d**2 - 14*d + 3. Let h be b(-14). Suppose g + 0 + 16 = 2*p, 39 = -4*g + h*p. Let u = 18 + g. What are the prime factors of u?
2, 3
Suppose -4*v = 7*v + 1298. Let x = v - -349. List the prime factors of x.
3, 7, 11
Suppose -5727 = -w - 5*x, 28515 = 5*w - 69*x + 70*x. What are the prime factors of w?
2, 2851
Let h be (2 + -3)/2*-24. Let k be ((-6)/18)/((-1)/h). Suppose 0 = -s + k*s - 33. What are the prime factors of s?
11
Let j(i) = 8*i**2 + 3*i - 59. What are the prime factors of j(-10)?
3, 79
List the prime factors of (-2470)/15*(60/(-8))/5.
13, 19
Let y(d) = -15*d + 223. List the prime factors of y(-20).
523
Suppose 0 = -p - 3*p + 312. Let f = 44 - p. Let d = 4 - f. List the prime factors of d.
2, 19
Let z be (3/(-2))/((-18)/4152). Let u = -173 + z. What are the prime factors of u?
173
Let p = 303 - 212. What are the prime factors of p?
7, 13
Suppose 5*d = 20*d - 20700. What are the prime factors of d?
2, 3, 5, 23
Let g(s) = -s**2 - 6*s + 5. Let k(q) = -q**2 + q + 3. Let l be k(3). Let h be l - (-12)/(2 + -6). List the prime factors of g(h).
5
Suppose 0 = 12*y - 11*y - 5. Suppose -5*p = 10, -3*p - 60 - 66 = -y*n. List the prime factors of n.
2, 3
Let h be 12/(-8) - 14/(-4). Let x be -3 - (h/(-2) + -7). Suppose 0 = -3*f + 2*g + 40, -x*g + 3 - 1 = f. What are the prime factors of f?
2, 3
Let o = -731 - -894. List the prime factors of o.
163
Let o(m) be the first derivative of m**4/4 + 4*m**3 + 9*m**2/2 - 3*m + 12. List the prime factors of o(-11).
19
Let g(q) = q**2 - 8*q + 3. Let k be g(6). What are the prime factors of (k/(-6))/(12/704)?
2, 11
Suppose -16224 = -31*x + 18*x. List the prime factors of x.
2, 3, 13
Let v = 27 - 25. Suppose -v*p + 190 = 24. List the prime factors of p.
83
Let p(m) = 8*m - 2. Let v be p(1). Suppose 0*r = -v*r + 240. List the prime factors of r.
2, 5
Let o(m) = -2*m**3 + 37*m**2 - 21*m - 7. What are the prime factors of o(17)?
503
Let d(s) = 3*s + 4. Let n be d(3). Let a = n + -10. Let y = 25 - a. What are the prime factors of y?
2, 11
Suppose 25*c - 23*c + 56 = 0. Let b = c + 116. List the prime factors of b.
2, 11
Suppose 3 = -j + 5. Let t = 16 + -11. Suppose t*y - 86 = j*y - 2*z, 4*z - 144 = -5*y. What are the prime factors of y?
2, 7
List the prime factors of (-24)/(-42)*7 + 323.
3, 109
Suppose -11*i + 9*i - 336 = 0. Let s = i - -235. What are the prime factors of s?
67
Let h(x) = -x**2 - 6*x - 1. Let s be h(-5). Suppose 0 = -2*k + 3*k - s. What are the prime factors of -213*1/(k - 7)?
71
Let a be (-3)/(-2) - 11/(-22). Suppose -112 = -3*w + a*x, -2*w + 44 = -w - 4*x. List the prime factors of w.
2, 3
Let k = -1 + 55. Suppose 0 = -c - 10*x + 5*x + k, -2*c + 73 = 3*x. List the prime factors of c.
29
Suppose -b - 71 = -82. Suppose -8*q - 330 = -b*q. What are the prime factors of q?
2, 5, 11
Let h(n) = n**3 - 9*n**2 - 6*n - 8. Let s be 2/(-5) - (-1 - (-188)/(-20)). What are the prime factors of h(s)?
2
Let l be 700/8*(4 - 2). Let c = -104 + l. Let z = c + -28. List the prime factors of z.
43
Suppose 216 + 145 = 19*t. List the prime factors of t.
19
List the prime factors of -114*12*(-12)/32.
3, 19
Let o(b) = 3*b**3 + 2*b**2 - 4*b + 1. Let p be o(3). Let a = 169 - p. List the prime factors of a.
3
Let h = 16 + 240. List the prime factors of h.
2
Suppose -5*m = 25, -2*z - m + 265 = z. Suppose v = 6*v - z. List the prime factors of v.
2, 3
Suppose i - 2*i + 1 = 0. Suppose -4*c - 16 = 0, -3*r + 3*c = 4 - i. List the prime factors of r/(-20) - 75/(-4).
19
What are the prime factors of 1/(-6) - 13874*3/(-36)?
2, 17
Suppose 0*d = -2*k + 2*d + 2022, -2*k = 2*d - 2034. Suppose 8*x = 2*x + k. List the prime factors of x.
13
Let i(w) = -92*w - 81. What are the prime factors of i(-14)?
17, 71
Let m(j) = 101*j + 2. Let d be m(3). Let h = 488 - d. What are the prime factors of h?
3, 61
Let y(t) = t**3 + 7*t**2 + 4*t - 7. Let c be y(-6). Let l(z) = -z**3 - c + z + z - 12*z**2 - 6*z. List the prime factors of l(-12).
43
Let z(y) = -39*y**3 - 3*y + 4. What are the prime factors of z(-2)?
2, 7, 23
Suppose 6*o + 4 = 2*o. Let w be (-4 - -2)*(0 + o). Suppose 0 = -w*c + c + 12. List the prime factors of c.
2, 3
What are the prime factors of -10*(2265/25)/(-3)?
2, 151
Suppose -711 = 2*t + 4*b - 2369, 0 = -5*b + 10. List the prime factors of t.
3, 5, 11
Let z(o) = o**2 + 3*o + 20. Let y be z(6). Suppose 35 + 35 = 5*l. Let g = y - l. What are the prime factors of g?
2, 3, 5
Let j = -81 + 48. Let u = j - -56. Suppose -x + t + 29 = 0, 5*x - u - 82 = -5*t. List the prime factors of x.
5
Let n = -18 - -49. Let f = 97 - n. Suppose 2*j + s - f = 0, 4*s